inder when 248 is divided by 9?
5
Calculate the remainder when 2127 is divided by 8.
7
Calculate the remainder when 738 is divided by 80.
18
What is the remainder when 97 is divided by 47?
3
Calculate the remainder when 44 is divided by 32.
12
Calculate the remainder when 44 is divided by 26.
18
Calculate the remainder when 438 is divided by 40.
38
Calculate the remainder when 271 is divided by 14.
5
What is the remainder when 41 is divided by 27?
14
What is the remainder when 205 is divided by 98?
9
What is the remainder when 241 is divided by 152?
89
Calculate the remainder when 349 is divided by 17.
9
Calculate the remainder when 232 is divided by 47.
44
Calculate the remainder when 160 is divided by 42.
34
What is the remainder when 2275 is divided by 134?
131
Calculate the remainder when 1112 is divided by 75.
62
Calculate the remainder when 85 is divided by 15.
10
What is the remainder when 1471 is divided by 36?
31
What is the remainder when 1351 is divided by 147?
28
Calculate the remainder when 825 is divided by 92.
89
What is the remainder when 195 is divided by 74?
47
What is the remainder when 37 is divided by 13?
11
What is the remainder when 901 is divided by 27?
10
What is the remainder when 12877 is divided by 28?
25
What is the remainder when 23 is divided by 3?
2
Calculate the remainder when 1998 is divided by 650.
48
Calculate the remainder when 289 is divided by 270.
19
Calculate the remainder when 113 is divided by 23.
21
What is the remainder when 1237 is divided by 73?
69
Calculate the remainder when 156 is divided by 29.
11
Calculate the remainder when 2518 is divided by 20.
18
Calculate the remainder when 99 is divided by 20.
19
What is the remainder when 636 is divided by 25?
11
What is the remainder when 140 is divided by 52?
36
What is the remainder when 139 is divided by 12?
7
What is the remainder when 21 is divided by 6?
3
What is the remainder when 2473 is divided by 208?
185
Calculate the remainder when 63 is divided by 40.
23
What is the remainder when 133 is divided by 68?
65
Calculate the remainder when 862 is divided by 12.
10
What is the remainder when 185 is divided by 42?
17
Calculate the remainder when 13498 is divided by 90.
88
Calculate the remainder when 95 is divided by 11.
7
Calculate the remainder when 906 is divided by 172.
46
What is the remainder when 200 is divided by 30?
20
What is the remainder when 1230 is divided by 27?
15
What is the remainder when 690 is divided by 44?
30
Calculate the remainder when 5860 is divided by 367.
355
Calculate the remainder when 519 is divided by 32.
7
What is the remainder when 19 is divided by 15?
4
What is the remainder when 3233 is divided by 147?
146
What is the remainder when 3663 is divided by 369?
342
Calculate the remainder when 1096 is divided by 267.
28
What is the remainder when 226 is divided by 53?
14
Calculate the remainder when 51 is divided by 27.
24
Calculate the remainder when 640 is divided by 35.
10
Calculate the remainder when 45 is divided by 24.
21
Calculate the remainder when 43 is divided by 26.
17
Calculate the remainder when 231 is divided by 126.
105
What is the remainder when 516 is divided by 28?
12
What is the remainder when 80 is divided by 47?
33
What is the remainder when 74 is divided by 70?
4
Calculate the remainder when 96 is divided by 31.
3
What is the remainder when 367 is divided by 46?
45
What is the remainder when 93 is divided by 5?
3
Calculate the remainder when 236 is divided by 30.
26
Calculate the remainder when 497 is divided by 46.
37
Calculate the remainder when 107 is divided by 36.
35
Calculate the remainder when 1915 is divided by 64.
59
Calculate the remainder when 80 is divided by 21.
17
Calculate the remainder when 1005 is divided by 72.
69
What is the remainder when 983 is divided by 59?
39
What is the remainder when 132 is divided by 34?
30
Calculate the remainder when 64 is divided by 21.
1
What is the remainder when 593 is divided by 18?
17
What is the remainder when 139 is divided by 38?
25
What is the remainder when 229 is divided by 78?
73
Calculate the remainder when 413 is divided by 106.
95
What is the remainder when 3863 is divided by 41?
9
What is the remainder when 12371 is divided by 104?
99
What is the remainder when 1217 is divided by 29?
28
What is the remainder when 477 is divided by 32?
29
Calculate the remainder when 588 is divided by 192.
12
Calculate the remainder when 198 is divided by 23.
14
What is the remainder when 245 is divided by 44?
25
What is the remainder when 754 is divided by 6?
4
What is the remainder when 394 is divided by 11?
9
Calculate the remainder when 529 is divided by 7.
4
What is the remainder when 357 is divided by 8?
5
Calculate the remainder when 371 is divided by 16.
3
What is the remainder when 652 is divided by 133?
120
Calculate the remainder when 100 is divided by 36.
28
Calculate the remainder when 2742 is divided by 12.
6
What is the remainder when 1804 is divided by 76?
56
What is the remainder when 259 is divided by 81?
16
What is the remainder when 526 is divided by 257?
12
What is the remainder when 217 is divided by 100?
17
Calculate the remainder when 1936 is divided by 6.
4
Calculate the remainder when 456 is divided by 455.
1
What is the remainder when 762 is divided by 35?
27
Calculate the remainder when 2679 is divided by 168.
159
Calculate the remainder when 384 is divided by 37.
14
What is the remainder when 65 is divided by 22?
21
What is the remainder when 376 is divided by 76?
72
Calculate the remainder when 128 is divided by 24.
8
Calculate the remainder when 84 is divided by 19.
8
What is the remainder when 12098 is divided by 275?
273
What is the remainder when 1816 is divided by 9?
7
Calculate the remainder when 97 is divided by 49.
48
What is the remainder when 17339 is divided by 85?
84
Calculate the remainder when 228 is divided by 46.
44
What is the remainder when 13192 is divided by 240?
232
Calculate the remainder when 188 is divided by 21.
20
Calculate the remainder when 441 is divided by 74.
71
Calculate the remainder when 227 is divided by 13.
6
What is the remainder when 218 is divided by 53?
6
Calculate the remainder when 5934 is divided by 989.
0
Calculate the remainder when 1733 is divided by 17.
16
Calculate the remainder when 197 is divided by 11.
10
Calculate the remainder when 1040 is divided by 49.
11
Calculate the remainder when 623 is divided by 25.
23
What is the remainder when 780 is divided by 9?
6
Calculate the remainder when 240 is divided by 84.
72
Calculate the remainder when 2348 is divided by 98.
94
What is the remainder when 240 is divided by 110?
20
Calculate the remainder when 46 is divided by 19.
8
What is the remainder when 991 is divided by 90?
1
What is the remainder when 5120 is divided by 1704?
8
What is the remainder when 58 is divided by 45?
13
What is the remainder when 289 is divided by 33?
25
What is the remainder when 2020 is divided by 7?
4
Calculate the remainder when 9123 is divided by 247.
231
What is the remainder when 4581 is divided by 99?
27
What is the remainder when 2129 is divided by 353?
11
What is the remainder when 2005 is divided by 9?
7
What is the remainder when 2485 is divided by 250?
235
What is the remainder when 193 is divided by 92?
9
What is the remainder when 426 is divided by 44?
30
What is the remainder when 302 is divided by 77?
71
Calculate the remainder when 3132 is divided by 33.
30
What is the remainder when 80 is divided by 24?
8
What is the remainder when 2000 is divided by 251?
243
Calculate the remainder when 135 is divided by 61.
13
Calculate the remainder when 579 is divided by 39.
33
Calculate the remainder when 710 is divided by 65.
60
Calculate the remainder when 362 is divided by 69.
17
Calculate the remainder when 183 is divided by 23.
22
What is the remainder when 2043 is divided by 22?
19
What is the remainder when 86 is divided by 15?
11
Calculate the remainder when 510 is divided by 202.
106
Calculate the remainder when 674 is divided by 141.
110
What is the remainder when 336 is divided by 35?
21
What is the remainder when 375 is divided by 38?
33
What is the remainder when 186 is divided by 70?
46
Calculate the remainder when 244 is di